{"id":19,"date":"2025-02-18T12:16:10","date_gmt":"2025-02-18T11:16:10","guid":{"rendered":"https:\/\/serwer1668308.home.pl\/autoinstalator\/wordpressplugins\/?page_id=19"},"modified":"2025-02-18T19:36:21","modified_gmt":"2025-02-18T18:36:21","slug":"dokumenty-do-pobrania","status":"publish","type":"page","link":"http:\/\/erka-trans.pl\/index.php\/dokumenty-do-pobrania\/","title":{"rendered":"Dokumenty do pobrania"},"content":{"rendered":"\n<h2 class=\"wp-block-heading\"><a href=\"http:\/\/erka-trans.pl\/pl\/dokumenty\">Dokumenty do pobrania<\/a><\/h2>\n\n\n\n<p>Poni\u017cej zamieszczamy do pobrania dla wszystkich zainteresowanych dokumenty firmy w formacie pdf (and. Portable Document Format). Do odczytania dokument\u00f3w w w\/w pdf konieczne jest posiadanie zainstalowanego programu Adobe Acrobat Reader. Aby pobra\u0107 program prosz\u0119 klink\u0105\u0107 na ten&nbsp;<a href=\"https:\/\/get.adobe.com\/pl\/reader\/\" target=\"_blank\" rel=\"noreferrer noopener\">Pobierz program<\/a>.<\/p>\n\n\n\n<p><strong>Aktualne dokumenty Firmy ERKA-trans Sp. z o.o.:<\/strong><\/p>\n\n\n\n<p>Wypis z Krajowego Rejestru S\u0105dowego:\u00a0<a href=\"http:\/\/erka-trans.pl\/wp-content\/uploads\/2025\/02\/KRS.pdf\" target=\"_blank\" rel=\"noreferrer noopener\">pobierz KRS<\/a><\/p>\n\n\n\n<p>Dokument potwierdzaj\u0105cy nadanie numeru NIP &#8211; VAT UE:\u00a0<a href=\"http:\/\/erka-trans.pl\/wp-content\/uploads\/2025\/02\/VATUE.pdf\" target=\"_blank\" rel=\"noreferrer noopener\">pobierz NIP<\/a><\/p>\n\n\n\n<p>Potwierdzenie nadania numer REGON:\u00a0<a href=\"http:\/\/erka-trans.pl\/wp-content\/uploads\/2025\/02\/regon.pdf\" target=\"_blank\" rel=\"noreferrer noopener\">pobierz REGON<\/a><\/p>\n\n\n\n<p>Licencja na wykonywanie krajowego transportu drogowego rzeczy:\u00a0<a href=\"http:\/\/erka-trans.pl\/wp-content\/uploads\/2025\/02\/licencja_krajowa.pdf\" target=\"_blank\" rel=\"noreferrer noopener\">pobierz Licencj\u0119<\/a><\/p>\n\n\n\n<p>Licencja na wykonywanie mi\u0119dzynarodowego zarobkowego przewozu rzeczy:\u00a0<a href=\"http:\/\/erka-trans.pl\/wp-content\/uploads\/2025\/02\/licencja_krajowa.pdf\" target=\"_blank\" rel=\"noreferrer noopener\">pobierz Licencj\u0119<\/a><\/p>\n\n\n\n<p>Polisa ubezpieczenia OC przewo\u017anika i spedytora:\u00a0<a href=\"http:\/\/erka-trans.pl\/wp-content\/uploads\/2025\/02\/ubezpieczenie.pdf\" target=\"_blank\" rel=\"noreferrer noopener\">pobierz Polis\u0119 OC<\/a><\/p>\n\n\n\n<p>Certyfikat kompetencji zawodowych:\u00a0<a href=\"http:\/\/erka-trans.pl\/wp-content\/uploads\/2025\/02\/certyfikat_kompetencji_zawodowych.pdf\" target=\"_blank\" rel=\"noreferrer noopener\">pobierz Certyfikat<\/a><\/p>\n\n\n\n<p><strong><em>&nbsp;O\u015bwiadczamy, i\u017c zamieszczone na tej stronie dokumenty s\u0105 zgodne z orygina\u0142ami.<\/em><\/strong><\/p>\n\n\n\n<p><\/p>\n","protected":false},"excerpt":{"rendered":"<p>Dokumenty do pobrania Poni\u017cej zamieszczamy do pobrania dla wszystkich zainteresowanych dokumenty firmy w formacie pdf (and. Portable Document Format). Do odczytania dokument\u00f3w w w\/w pdf&hellip;<\/p>\n","protected":false},"author":3,"featured_media":0,"parent":0,"menu_order":0,"comment_status":"closed","ping_status":"closed","template":"","meta":{"footnotes":""},"class_list":["post-19","page","type-page","status-publish","hentry"],"yoast_head":"<!-- This site is optimized with the Yoast SEO plugin v24.8.1 - https:\/\/yoast.com\/wordpress\/plugins\/seo\/ -->\n<title>Dokumenty do pobrania - Erka-Group Sp. z o.o.<\/title>\n<meta name=\"robots\" content=\"index, follow, max-snippet:-1, max-image-preview:large, max-video-preview:-1\" \/>\n<link rel=\"canonical\" href=\"http:\/\/erka-trans.pl\/index.php\/dokumenty-do-pobrania\/\" \/>\n<meta property=\"og:locale\" content=\"pl_PL\" \/>\n<meta property=\"og:type\" content=\"article\" \/>\n<meta property=\"og:title\" content=\"Dokumenty do pobrania - Erka-Group Sp. z o.o.\" \/>\n<meta property=\"og:description\" content=\"Dokumenty do pobrania Poni\u017cej zamieszczamy do pobrania dla wszystkich zainteresowanych dokumenty firmy w formacie pdf (and. Portable Document Format). Do odczytania dokument\u00f3w w w\/w pdf&hellip;\" \/>\n<meta property=\"og:url\" content=\"http:\/\/erka-trans.pl\/index.php\/dokumenty-do-pobrania\/\" \/>\n<meta property=\"og:site_name\" content=\"Erka-Group Sp. z o.o.\" \/>\n<meta property=\"article:modified_time\" content=\"2025-02-18T18:36:21+00:00\" \/>\n<meta name=\"twitter:card\" content=\"summary_large_image\" \/>\n<meta name=\"twitter:label1\" content=\"Szacowany czas czytania\" \/>\n\t<meta name=\"twitter:data1\" content=\"1 minuta\" \/>\n<script type=\"application\/ld+json\" class=\"yoast-schema-graph\">{\"@context\":\"https:\/\/schema.org\",\"@graph\":[{\"@type\":\"WebPage\",\"@id\":\"http:\/\/erka-trans.pl\/index.php\/dokumenty-do-pobrania\/\",\"url\":\"http:\/\/erka-trans.pl\/index.php\/dokumenty-do-pobrania\/\",\"name\":\"Dokumenty do pobrania - Erka-Group Sp. z o.o.\",\"isPartOf\":{\"@id\":\"https:\/\/erka-trans.pl\/#website\"},\"datePublished\":\"2025-02-18T11:16:10+00:00\",\"dateModified\":\"2025-02-18T18:36:21+00:00\",\"breadcrumb\":{\"@id\":\"http:\/\/erka-trans.pl\/index.php\/dokumenty-do-pobrania\/#breadcrumb\"},\"inLanguage\":\"pl-PL\",\"potentialAction\":[{\"@type\":\"ReadAction\",\"target\":[\"http:\/\/erka-trans.pl\/index.php\/dokumenty-do-pobrania\/\"]}]},{\"@type\":\"BreadcrumbList\",\"@id\":\"http:\/\/erka-trans.pl\/index.php\/dokumenty-do-pobrania\/#breadcrumb\",\"itemListElement\":[{\"@type\":\"ListItem\",\"position\":1,\"name\":\"Home\",\"item\":\"https:\/\/erka-trans.pl\/\"},{\"@type\":\"ListItem\",\"position\":2,\"name\":\"Dokumenty do pobrania\"}]},{\"@type\":\"WebSite\",\"@id\":\"https:\/\/erka-trans.pl\/#website\",\"url\":\"https:\/\/erka-trans.pl\/\",\"name\":\"Erka-Group Sp. z o.o.\",\"description\":\"Tw\u00f3j partner w biznesie\",\"publisher\":{\"@id\":\"https:\/\/erka-trans.pl\/#organization\"},\"potentialAction\":[{\"@type\":\"SearchAction\",\"target\":{\"@type\":\"EntryPoint\",\"urlTemplate\":\"https:\/\/erka-trans.pl\/?s={search_term_string}\"},\"query-input\":{\"@type\":\"PropertyValueSpecification\",\"valueRequired\":true,\"valueName\":\"search_term_string\"}}],\"inLanguage\":\"pl-PL\"},{\"@type\":\"Organization\",\"@id\":\"https:\/\/erka-trans.pl\/#organization\",\"name\":\"Erka-Group Sp. z o.o.\",\"url\":\"https:\/\/erka-trans.pl\/\",\"logo\":{\"@type\":\"ImageObject\",\"inLanguage\":\"pl-PL\",\"@id\":\"https:\/\/erka-trans.pl\/#\/schema\/logo\/image\/\",\"url\":\"http:\/\/erka-trans.pl\/wp-content\/uploads\/2025\/02\/logo.png\",\"contentUrl\":\"http:\/\/erka-trans.pl\/wp-content\/uploads\/2025\/02\/logo.png\",\"width\":150,\"height\":33,\"caption\":\"Erka-Group Sp. z o.o.\"},\"image\":{\"@id\":\"https:\/\/erka-trans.pl\/#\/schema\/logo\/image\/\"}}]}<\/script>\n<!-- \/ Yoast SEO plugin. -->","yoast_head_json":{"title":"Dokumenty do pobrania - Erka-Group Sp. z o.o.","robots":{"index":"index","follow":"follow","max-snippet":"max-snippet:-1","max-image-preview":"max-image-preview:large","max-video-preview":"max-video-preview:-1"},"canonical":"http:\/\/erka-trans.pl\/index.php\/dokumenty-do-pobrania\/","og_locale":"pl_PL","og_type":"article","og_title":"Dokumenty do pobrania - Erka-Group Sp. z o.o.","og_description":"Dokumenty do pobrania Poni\u017cej zamieszczamy do pobrania dla wszystkich zainteresowanych dokumenty firmy w formacie pdf (and. Portable Document Format). Do odczytania dokument\u00f3w w w\/w pdf&hellip;","og_url":"http:\/\/erka-trans.pl\/index.php\/dokumenty-do-pobrania\/","og_site_name":"Erka-Group Sp. z o.o.","article_modified_time":"2025-02-18T18:36:21+00:00","twitter_card":"summary_large_image","twitter_misc":{"Szacowany czas czytania":"1 minuta"},"schema":{"@context":"https:\/\/schema.org","@graph":[{"@type":"WebPage","@id":"http:\/\/erka-trans.pl\/index.php\/dokumenty-do-pobrania\/","url":"http:\/\/erka-trans.pl\/index.php\/dokumenty-do-pobrania\/","name":"Dokumenty do pobrania - Erka-Group Sp. z o.o.","isPartOf":{"@id":"https:\/\/erka-trans.pl\/#website"},"datePublished":"2025-02-18T11:16:10+00:00","dateModified":"2025-02-18T18:36:21+00:00","breadcrumb":{"@id":"http:\/\/erka-trans.pl\/index.php\/dokumenty-do-pobrania\/#breadcrumb"},"inLanguage":"pl-PL","potentialAction":[{"@type":"ReadAction","target":["http:\/\/erka-trans.pl\/index.php\/dokumenty-do-pobrania\/"]}]},{"@type":"BreadcrumbList","@id":"http:\/\/erka-trans.pl\/index.php\/dokumenty-do-pobrania\/#breadcrumb","itemListElement":[{"@type":"ListItem","position":1,"name":"Home","item":"https:\/\/erka-trans.pl\/"},{"@type":"ListItem","position":2,"name":"Dokumenty do pobrania"}]},{"@type":"WebSite","@id":"https:\/\/erka-trans.pl\/#website","url":"https:\/\/erka-trans.pl\/","name":"Erka-Group Sp. z o.o.","description":"Tw\u00f3j partner w biznesie","publisher":{"@id":"https:\/\/erka-trans.pl\/#organization"},"potentialAction":[{"@type":"SearchAction","target":{"@type":"EntryPoint","urlTemplate":"https:\/\/erka-trans.pl\/?s={search_term_string}"},"query-input":{"@type":"PropertyValueSpecification","valueRequired":true,"valueName":"search_term_string"}}],"inLanguage":"pl-PL"},{"@type":"Organization","@id":"https:\/\/erka-trans.pl\/#organization","name":"Erka-Group Sp. z o.o.","url":"https:\/\/erka-trans.pl\/","logo":{"@type":"ImageObject","inLanguage":"pl-PL","@id":"https:\/\/erka-trans.pl\/#\/schema\/logo\/image\/","url":"http:\/\/erka-trans.pl\/wp-content\/uploads\/2025\/02\/logo.png","contentUrl":"http:\/\/erka-trans.pl\/wp-content\/uploads\/2025\/02\/logo.png","width":150,"height":33,"caption":"Erka-Group Sp. z o.o."},"image":{"@id":"https:\/\/erka-trans.pl\/#\/schema\/logo\/image\/"}}]}},"_links":{"self":[{"href":"http:\/\/erka-trans.pl\/index.php\/wp-json\/wp\/v2\/pages\/19","targetHints":{"allow":["GET"]}}],"collection":[{"href":"http:\/\/erka-trans.pl\/index.php\/wp-json\/wp\/v2\/pages"}],"about":[{"href":"http:\/\/erka-trans.pl\/index.php\/wp-json\/wp\/v2\/types\/page"}],"author":[{"embeddable":true,"href":"http:\/\/erka-trans.pl\/index.php\/wp-json\/wp\/v2\/users\/3"}],"replies":[{"embeddable":true,"href":"http:\/\/erka-trans.pl\/index.php\/wp-json\/wp\/v2\/comments?post=19"}],"version-history":[{"count":4,"href":"http:\/\/erka-trans.pl\/index.php\/wp-json\/wp\/v2\/pages\/19\/revisions"}],"predecessor-version":[{"id":230,"href":"http:\/\/erka-trans.pl\/index.php\/wp-json\/wp\/v2\/pages\/19\/revisions\/230"}],"wp:attachment":[{"href":"http:\/\/erka-trans.pl\/index.php\/wp-json\/wp\/v2\/media?parent=19"}],"curies":[{"name":"wp","href":"https:\/\/api.w.org\/{rel}","templated":true}]}}